{"id":443,"date":"2023-09-26T19:24:49","date_gmt":"2023-09-26T19:24:49","guid":{"rendered":"https:\/\/bourdichoux.fr\/?page_id=443"},"modified":"2026-02-15T12:44:31","modified_gmt":"2026-02-15T12:44:31","slug":"actualites","status":"publish","type":"page","link":"https:\/\/bourdichoux.fr\/?page_id=443","title":{"rendered":"Actualit\u00e9s"},"content":{"rendered":"\n<p>Pour suivre toutes nos p\u00e9rip\u00e9ties, nos b\u00eatises et notre actualit\u00e9, rendez-vous sur la page Facebook  <a href=\"http:\/\/www.facebook.com\/bourdichoux\">Les Bourdichoux<\/a><\/p>\n\n\n\n<p><\/p>\n\n\n\n<p><\/p>\n\n\n\n<figure class=\"wp-block-image size-full is-resized\"><img loading=\"lazy\" decoding=\"async\" width=\"548\" height=\"772\" src=\"https:\/\/bourdichoux.fr\/wp-content\/uploads\/2026\/02\/affiche-theatre-2026.png\" alt=\"\" class=\"wp-image-630\" style=\"width:692px;height:auto\" srcset=\"https:\/\/bourdichoux.fr\/wp-content\/uploads\/2026\/02\/affiche-theatre-2026.png 548w, https:\/\/bourdichoux.fr\/wp-content\/uploads\/2026\/02\/affiche-theatre-2026-213x300.png 213w\" sizes=\"auto, (max-width: 548px) 100vw, 548px\" \/><\/figure>\n\n\n\n<p><\/p>\n\n\n\n<p><strong>PROGRAMME<\/strong><\/p>\n\n\n\n<figure class=\"wp-block-image size-full is-resized\"><img loading=\"lazy\" decoding=\"async\" width=\"1024\" height=\"1536\" src=\"https:\/\/bourdichoux.fr\/wp-content\/uploads\/2026\/02\/ChatGPT-Image-13-fevr.-2026-13_27_45.png\" alt=\"\" class=\"wp-image-923\" style=\"aspect-ratio:0.4565250037543175;width:645px;height:auto\" srcset=\"https:\/\/bourdichoux.fr\/wp-content\/uploads\/2026\/02\/ChatGPT-Image-13-fevr.-2026-13_27_45.png 1024w, https:\/\/bourdichoux.fr\/wp-content\/uploads\/2026\/02\/ChatGPT-Image-13-fevr.-2026-13_27_45-200x300.png 200w, https:\/\/bourdichoux.fr\/wp-content\/uploads\/2026\/02\/ChatGPT-Image-13-fevr.-2026-13_27_45-683x1024.png 683w, https:\/\/bourdichoux.fr\/wp-content\/uploads\/2026\/02\/ChatGPT-Image-13-fevr.-2026-13_27_45-768x1152.png 768w\" sizes=\"auto, (max-width: 767px) 89vw, (max-width: 1000px) 54vw, (max-width: 1071px) 543px, 580px\" \/><\/figure>\n\n\n\n<figure class=\"wp-block-image size-full\"><img loading=\"lazy\" decoding=\"async\" width=\"1024\" height=\"1536\" src=\"https:\/\/bourdichoux.fr\/wp-content\/uploads\/2026\/02\/ChatGPT-Image-13-fevr.-2026-13_31_30.png\" alt=\"\" class=\"wp-image-924\" srcset=\"https:\/\/bourdichoux.fr\/wp-content\/uploads\/2026\/02\/ChatGPT-Image-13-fevr.-2026-13_31_30.png 1024w, https:\/\/bourdichoux.fr\/wp-content\/uploads\/2026\/02\/ChatGPT-Image-13-fevr.-2026-13_31_30-200x300.png 200w, https:\/\/bourdichoux.fr\/wp-content\/uploads\/2026\/02\/ChatGPT-Image-13-fevr.-2026-13_31_30-683x1024.png 683w, https:\/\/bourdichoux.fr\/wp-content\/uploads\/2026\/02\/ChatGPT-Image-13-fevr.-2026-13_31_30-768x1152.png 768w\" sizes=\"auto, (max-width: 767px) 89vw, (max-width: 1000px) 54vw, (max-width: 1071px) 543px, 580px\" \/><\/figure>\n\n\n\n<figure class=\"wp-block-image size-full\"><img loading=\"lazy\" decoding=\"async\" width=\"1024\" height=\"1536\" src=\"https:\/\/bourdichoux.fr\/wp-content\/uploads\/2026\/02\/ChatGPT-Image-13-fevr.-2026-13_34_48.png\" alt=\"\" class=\"wp-image-925\" srcset=\"https:\/\/bourdichoux.fr\/wp-content\/uploads\/2026\/02\/ChatGPT-Image-13-fevr.-2026-13_34_48.png 1024w, https:\/\/bourdichoux.fr\/wp-content\/uploads\/2026\/02\/ChatGPT-Image-13-fevr.-2026-13_34_48-200x300.png 200w, https:\/\/bourdichoux.fr\/wp-content\/uploads\/2026\/02\/ChatGPT-Image-13-fevr.-2026-13_34_48-683x1024.png 683w, https:\/\/bourdichoux.fr\/wp-content\/uploads\/2026\/02\/ChatGPT-Image-13-fevr.-2026-13_34_48-768x1152.png 768w\" sizes=\"auto, (max-width: 767px) 89vw, (max-width: 1000px) 54vw, (max-width: 1071px) 543px, 580px\" \/><\/figure>\n\n\n\n<figure class=\"wp-block-image size-full is-resized\"><img loading=\"lazy\" decoding=\"async\" width=\"1024\" height=\"1536\" src=\"https:\/\/bourdichoux.fr\/wp-content\/uploads\/2026\/02\/ChatGPT-Image-13-fevr.-2026-13_51_50.png\" alt=\"\" class=\"wp-image-927\" style=\"width:663px;height:auto\" srcset=\"https:\/\/bourdichoux.fr\/wp-content\/uploads\/2026\/02\/ChatGPT-Image-13-fevr.-2026-13_51_50.png 1024w, https:\/\/bourdichoux.fr\/wp-content\/uploads\/2026\/02\/ChatGPT-Image-13-fevr.-2026-13_51_50-200x300.png 200w, https:\/\/bourdichoux.fr\/wp-content\/uploads\/2026\/02\/ChatGPT-Image-13-fevr.-2026-13_51_50-683x1024.png 683w, https:\/\/bourdichoux.fr\/wp-content\/uploads\/2026\/02\/ChatGPT-Image-13-fevr.-2026-13_51_50-768x1152.png 768w\" sizes=\"auto, (max-width: 767px) 89vw, (max-width: 1000px) 54vw, (max-width: 1071px) 543px, 580px\" \/><\/figure>\n\n\n\n<p><\/p>\n\n\n\n<figure class=\"wp-block-video\"><video height=\"1080\" style=\"aspect-ratio: 1080 \/ 1080;\" width=\"1080\" controls src=\"https:\/\/bourdichoux.fr\/wp-content\/uploads\/2026\/02\/Messenger_creation_5842DA68-2516-4521-810B-3E0D64EEEBDF.mp4\"><\/video><\/figure>\n","protected":false},"excerpt":{"rendered":"<p>Pour suivre toutes nos p\u00e9rip\u00e9ties, nos b\u00eatises et notre actualit\u00e9, rendez-vous sur la page Facebook Les Bourdichoux PROGRAMME<\/p>\n","protected":false},"author":2,"featured_media":0,"parent":0,"menu_order":0,"comment_status":"closed","ping_status":"closed","template":"","meta":{"footnotes":""},"class_list":["post-443","page","type-page","status-publish","hentry"],"jetpack_sharing_enabled":true,"_links":{"self":[{"href":"https:\/\/bourdichoux.fr\/index.php?rest_route=\/wp\/v2\/pages\/443","targetHints":{"allow":["GET"]}}],"collection":[{"href":"https:\/\/bourdichoux.fr\/index.php?rest_route=\/wp\/v2\/pages"}],"about":[{"href":"https:\/\/bourdichoux.fr\/index.php?rest_route=\/wp\/v2\/types\/page"}],"author":[{"embeddable":true,"href":"https:\/\/bourdichoux.fr\/index.php?rest_route=\/wp\/v2\/users\/2"}],"replies":[{"embeddable":true,"href":"https:\/\/bourdichoux.fr\/index.php?rest_route=%2Fwp%2Fv2%2Fcomments&post=443"}],"version-history":[{"count":16,"href":"https:\/\/bourdichoux.fr\/index.php?rest_route=\/wp\/v2\/pages\/443\/revisions"}],"predecessor-version":[{"id":939,"href":"https:\/\/bourdichoux.fr\/index.php?rest_route=\/wp\/v2\/pages\/443\/revisions\/939"}],"wp:attachment":[{"href":"https:\/\/bourdichoux.fr\/index.php?rest_route=%2Fwp%2Fv2%2Fmedia&parent=443"}],"curies":[{"name":"wp","href":"https:\/\/api.w.org\/{rel}","templated":true}]}}