{"id":35,"date":"2022-02-14T17:18:35","date_gmt":"2022-02-14T17:18:35","guid":{"rendered":"http:\/\/bourdichoux.fr\/?page_id=35"},"modified":"2026-02-16T14:04:18","modified_gmt":"2026-02-16T14:04:18","slug":"bienvenue-chez-les-bourdichoux","status":"publish","type":"page","link":"https:\/\/bourdichoux.fr\/","title":{"rendered":"Bienvenue sur le site internet Les Bourdichoux"},"content":{"rendered":"\n<p>Les Bourdichoux ,  c&rsquo;est la section th\u00e9\u00e2tre et danses de l\u2019Association \u00ab&nbsp;Le R\u00e9veil&nbsp;\u00bb de Saint Sornin: une troupe d\u2019une quarantaine de b\u00e9n\u00e9voles qui propose un spectacle diff\u00e9rent tous les printemps. <br>Les activit\u00e9s qui composent le spectacle, et qui, par cons\u00e9quent, animent la commune de St Sornin durant l\u2019ann\u00e9e scolaire, sont&nbsp;: <strong>danses traditionnelles folkloriques de 3 \u00e0 99 ans, th\u00e9\u00e2tre de 8 \u00e0 99 ans et musique traditionnelle.<\/strong><\/p>\n\n\n\n<p>Traditionnelle, conviviale et ludique, l\u2019Association des Bourdichoux est ancr\u00e9e dans le paysage de St Sornin.<\/p>\n\n\n\n<figure class=\"wp-block-image size-full\"><img loading=\"lazy\" decoding=\"async\" width=\"1000\" height=\"750\" src=\"https:\/\/bourdichoux.fr\/wp-content\/uploads\/2026\/02\/IMG-20260215-WA0000.jpg\" alt=\"\" class=\"wp-image-944\" srcset=\"https:\/\/bourdichoux.fr\/wp-content\/uploads\/2026\/02\/IMG-20260215-WA0000.jpg 1000w, https:\/\/bourdichoux.fr\/wp-content\/uploads\/2026\/02\/IMG-20260215-WA0000-300x225.jpg 300w, https:\/\/bourdichoux.fr\/wp-content\/uploads\/2026\/02\/IMG-20260215-WA0000-768x576.jpg 768w\" sizes=\"auto, (max-width: 767px) 89vw, (max-width: 1000px) 54vw, (max-width: 1071px) 543px, 580px\" \/><\/figure>\n\n\n\n<h4 class=\"wp-block-heading\">6 mois de travail pour 8 spectacles<\/h4>\n\n\n\n<p>Apr\u00e8s 6 mois pass\u00e9s \u00e0 r\u00e9p\u00e9ter, bricoler, r\u00e9p\u00e9ter, rire, r\u00e9p\u00e9ter, manger, r\u00e9p\u00e9ter, organiser, r\u00e9p\u00e9ter, pr\u00e9parer ou encore r\u00e9p\u00e9ter, Les Bourdichoux pr\u00e9sentent un spectacle singulier, dynamique et convivial pour tous&nbsp;! Jou\u00e9 quatre \u00e0 cinq fois \u00e0 domicile, il est aussi pr\u00e9sent\u00e9 dans les communes alentours \u00e0 la demande des associations locales.<br>De f\u00e9vrier \u00e0 mai, donc, petits et grands sont sur les planches pour exprimer leur passion face \u00e0 un public chaleureux, fid\u00e8le et nombreux. En premi\u00e8re partie, les danses folkloriques sont entrecoup\u00e9es par les sketches maison des acteurs en herbe. En seconde partie, les amateurs de th\u00e9\u00e2tre sont servis puisque la troupe pr\u00e9sente sa pi\u00e8ce de th\u00e9\u00e2tre adulte.<\/p>\n\n\n\n<p>Chez Les Bourdichoux, toute l\u2019ann\u00e9e, les ma\u00eetres mots sont&nbsp;: <strong><mark style=\"background-color:rgba(0, 0, 0, 0)\" class=\"has-inline-color has-vivid-cyan-blue-color\">bonne humeur<\/mark><\/strong>, <strong><mark style=\"background-color:rgba(0, 0, 0, 0)\" class=\"has-inline-color has-vivid-cyan-blue-color\">convivialit\u00e9 <\/mark><\/strong>et <strong><mark style=\"background-color:rgba(0, 0, 0, 0)\" class=\"has-inline-color has-vivid-cyan-blue-color\">authenticit\u00e9<\/mark><\/strong>.<\/p>\n\n\n\n<p>Pour conna\u00eetre les prochaines dates&nbsp;: <em>&nbsp;<\/em><a href=\"https:\/\/bourdichoux.fr\/?page_id=19\">Spectacles<\/a><\/p>\n\n\n\n<p>Pour plus d\u2019informations sur les activit\u00e9s&nbsp;: <a href=\"https:\/\/bourdichoux.fr\/?page_id=31\">Le Groupe<\/a><\/p>\n\n\n\n<p>Pour nous contacter&nbsp;: <a href=\"mailto:info@bourdichoux.fr\">info@bourdichoux.fr<\/a><\/p>\n\n\n\n<p>Pour en savoir plus&nbsp;: <a href=\"http:\/\/www.facebook.com\/bourdichoux\">Facebook<\/a><\/p>\n\n\n\n<blockquote class=\"wp-block-quote is-layout-flow wp-block-quote-is-layout-flow\">\n<p>Vous \u00eates une association et vous souhaitez nous recevoir dans votre commune&nbsp;? Contactez <a href=\"mailto:amandine.vivion@yahoo.fr\">Amandine<\/a><\/p>\n<\/blockquote>\n","protected":false},"excerpt":{"rendered":"<p>Les Bourdichoux , c&rsquo;est la section th\u00e9\u00e2tre et danses de l\u2019Association \u00ab&nbsp;Le R\u00e9veil&nbsp;\u00bb de Saint Sornin: une troupe d\u2019une quarantaine de b\u00e9n\u00e9voles qui propose un spectacle diff\u00e9rent tous les printemps. Les activit\u00e9s qui composent le spectacle, et qui, par cons\u00e9quent, animent la commune de St Sornin durant l\u2019ann\u00e9e scolaire, sont&nbsp;: danses traditionnelles folkloriques de 3 &hellip; <\/p>\n<p class=\"link-more\"><a href=\"https:\/\/bourdichoux.fr\/\" class=\"more-link\">Continuer la lecture<span class=\"screen-reader-text\"> de &laquo;&nbsp;Bienvenue sur le site internet Les Bourdichoux&nbsp;&raquo;<\/span><\/a><\/p>\n","protected":false},"author":2,"featured_media":0,"parent":0,"menu_order":0,"comment_status":"closed","ping_status":"closed","template":"","meta":{"footnotes":""},"class_list":["post-35","page","type-page","status-publish","hentry"],"jetpack_sharing_enabled":true,"_links":{"self":[{"href":"https:\/\/bourdichoux.fr\/index.php?rest_route=\/wp\/v2\/pages\/35","targetHints":{"allow":["GET"]}}],"collection":[{"href":"https:\/\/bourdichoux.fr\/index.php?rest_route=\/wp\/v2\/pages"}],"about":[{"href":"https:\/\/bourdichoux.fr\/index.php?rest_route=\/wp\/v2\/types\/page"}],"author":[{"embeddable":true,"href":"https:\/\/bourdichoux.fr\/index.php?rest_route=\/wp\/v2\/users\/2"}],"replies":[{"embeddable":true,"href":"https:\/\/bourdichoux.fr\/index.php?rest_route=%2Fwp%2Fv2%2Fcomments&post=35"}],"version-history":[{"count":20,"href":"https:\/\/bourdichoux.fr\/index.php?rest_route=\/wp\/v2\/pages\/35\/revisions"}],"predecessor-version":[{"id":945,"href":"https:\/\/bourdichoux.fr\/index.php?rest_route=\/wp\/v2\/pages\/35\/revisions\/945"}],"wp:attachment":[{"href":"https:\/\/bourdichoux.fr\/index.php?rest_route=%2Fwp%2Fv2%2Fmedia&parent=35"}],"curies":[{"name":"wp","href":"https:\/\/api.w.org\/{rel}","templated":true}]}}