{"id":21,"date":"2022-02-14T17:14:01","date_gmt":"2022-02-14T17:14:01","guid":{"rendered":"http:\/\/bourdichoux.fr\/?page_id=21"},"modified":"2024-02-10T09:06:37","modified_gmt":"2024-02-10T09:06:37","slug":"contact","status":"publish","type":"page","link":"https:\/\/bourdichoux.fr\/?page_id=21","title":{"rendered":"En savoir plus"},"content":{"rendered":"\n<p>Les Bourdichoux est une section de l\u2019Association \u00ab Le R\u00e9veil \u00bb de Saint Sornin.<\/p>\n\n\n\n<p>Cr\u00e9\u00e9e en 1945, son but premier est de pr\u00e9senter des spectacles de th\u00e9\u00e2tre afin de participer au financement de l\u2019association de basket.<\/p>\n\n\n\n<p>Ce n\u2019est qu\u2019en 1992, que le nom de \u00ab Bourdichoux \u00bb est choisi. Il est le nom du hameau attenant la chapelle des Landes connue pour un miracle de gu\u00e9rison. En effet, c\u2019est ici qu\u2019un moine aurait gu\u00e9ri miraculeusement un nourrisson avec l\u2019eau b\u00e9nite de la Chapelle.<\/p>\n\n\n\n<p>Les Bourdichoux ont travers\u00e9 les ann\u00e9es, forts de leur r\u00e9putation conviviale et traditionnelle. Des dizaines de personnes aux profils et histoires diverses se sont succ\u00e9d\u00e9es et ont fait les beaux jours de la troupe. Aujourd\u2019hui encore Les Bourdichoux est une troupe dynamique&nbsp; qui fait le bonheur des petits et des grands.<\/p>\n\n\n\n<p><a href=\"https:\/\/bourdichoux.fr\/wp-content\/uploads\/2022\/05\/Historique-Theatre-et-danses.pdf\" target=\"_blank\" rel=\"noreferrer noopener\">Historique Th\u00e9\u00e2tre et danses<\/a><\/p>\n\n\n\n<p><a href=\"https:\/\/bourdichoux.fr\/wp-content\/uploads\/2022\/05\/Historique-Saint-Antoine.pdf\" target=\"_blank\" rel=\"noreferrer noopener\">Historique Saint Antoine<\/a><\/p>\n\n\n\n<p><a href=\"https:\/\/bourdichoux.fr\/wp-content\/uploads\/2022\/06\/Plan-cadastrale.png\" target=\"_blank\" rel=\"noreferrer noopener\">Plan Cadastrale<\/a><\/p>\n\n\n\n<p>Nos r\u00e9p\u00e9titions et nombreuses repr\u00e9sentations ont lieu \u00e0 Saint Sornin (16220), Place de la poste, 1 chemin de lauri\u00e8re. Donc <a rel=\"noreferrer noopener\" href=\"https:\/\/goo.gl\/maps\/1mYqnnsAy2ahWPCV8\" target=\"_blank\">ici<\/a>.<\/p>\n\n\n\n<h4 class=\"wp-block-heading has-vivid-cyan-blue-color has-text-color\">Bureau<\/h4>\n\n\n\n<p>Pr\u00e9sidente : Mme Amandine VIVION-ZUCCHI<br>Secr\u00e9taire : M. Fran\u00e7ois CHAMOULAUD<br>Tr\u00e9sori\u00e8re : Mme Liliane BROUSSE<\/p>\n\n\n\n<figure class=\"wp-block-image size-full is-resized\"><img loading=\"lazy\" decoding=\"async\" width=\"512\" height=\"512\" src=\"https:\/\/bourdichoux.fr\/wp-content\/uploads\/2022\/02\/cropped-cropped-photo_31560591_1.jpg\" alt=\"\" class=\"wp-image-46\" style=\"width:297px;height:297px\" srcset=\"https:\/\/bourdichoux.fr\/wp-content\/uploads\/2022\/02\/cropped-cropped-photo_31560591_1.jpg 512w, https:\/\/bourdichoux.fr\/wp-content\/uploads\/2022\/02\/cropped-cropped-photo_31560591_1-300x300.jpg 300w, https:\/\/bourdichoux.fr\/wp-content\/uploads\/2022\/02\/cropped-cropped-photo_31560591_1-150x150.jpg 150w, https:\/\/bourdichoux.fr\/wp-content\/uploads\/2022\/02\/cropped-cropped-photo_31560591_1-100x100.jpg 100w, https:\/\/bourdichoux.fr\/wp-content\/uploads\/2022\/02\/cropped-cropped-photo_31560591_1-270x270.jpg 270w, https:\/\/bourdichoux.fr\/wp-content\/uploads\/2022\/02\/cropped-cropped-photo_31560591_1-192x192.jpg 192w, https:\/\/bourdichoux.fr\/wp-content\/uploads\/2022\/02\/cropped-cropped-photo_31560591_1-180x180.jpg 180w, https:\/\/bourdichoux.fr\/wp-content\/uploads\/2022\/02\/cropped-cropped-photo_31560591_1-32x32.jpg 32w\" sizes=\"auto, (max-width: 512px) 100vw, 512px\" \/><\/figure>\n","protected":false},"excerpt":{"rendered":"<p>Les Bourdichoux est une section de l\u2019Association \u00ab Le R\u00e9veil \u00bb de Saint Sornin. Cr\u00e9\u00e9e en 1945, son but premier est de pr\u00e9senter des spectacles de th\u00e9\u00e2tre afin de participer au financement de l\u2019association de basket. Ce n\u2019est qu\u2019en 1992, que le nom de \u00ab Bourdichoux \u00bb est choisi. Il est le nom du hameau &hellip; <\/p>\n<p class=\"link-more\"><a href=\"https:\/\/bourdichoux.fr\/?page_id=21\" class=\"more-link\">Continuer la lecture<span class=\"screen-reader-text\"> de &laquo;&nbsp;En savoir plus&nbsp;&raquo;<\/span><\/a><\/p>\n","protected":false},"author":2,"featured_media":0,"parent":0,"menu_order":0,"comment_status":"closed","ping_status":"closed","template":"","meta":{"footnotes":""},"class_list":["post-21","page","type-page","status-publish","hentry"],"jetpack_sharing_enabled":true,"_links":{"self":[{"href":"https:\/\/bourdichoux.fr\/index.php?rest_route=\/wp\/v2\/pages\/21","targetHints":{"allow":["GET"]}}],"collection":[{"href":"https:\/\/bourdichoux.fr\/index.php?rest_route=\/wp\/v2\/pages"}],"about":[{"href":"https:\/\/bourdichoux.fr\/index.php?rest_route=\/wp\/v2\/types\/page"}],"author":[{"embeddable":true,"href":"https:\/\/bourdichoux.fr\/index.php?rest_route=\/wp\/v2\/users\/2"}],"replies":[{"embeddable":true,"href":"https:\/\/bourdichoux.fr\/index.php?rest_route=%2Fwp%2Fv2%2Fcomments&post=21"}],"version-history":[{"count":20,"href":"https:\/\/bourdichoux.fr\/index.php?rest_route=\/wp\/v2\/pages\/21\/revisions"}],"predecessor-version":[{"id":496,"href":"https:\/\/bourdichoux.fr\/index.php?rest_route=\/wp\/v2\/pages\/21\/revisions\/496"}],"wp:attachment":[{"href":"https:\/\/bourdichoux.fr\/index.php?rest_route=%2Fwp%2Fv2%2Fmedia&parent=21"}],"curies":[{"name":"wp","href":"https:\/\/api.w.org\/{rel}","templated":true}]}}